 + 29, 25 = -5*d. What is the remainder when 19 is divided by k?
5
Let c = -50 + 49. Calculate the remainder when ((-4)/(-8))/(c/(-24)) is divided by 5.
2
Let g(h) = -h**2 - 10*h - 12. Let m be g(-8). Suppose -5*s + 15 = 0, 2*j - 66 = -2*s - m. Suppose j = 4*b - 28. What is the remainder when b is divided by 8?
6
Let z be (2 - 4 - -3) + 2. Suppose -28 = -z*p + 23. Suppose -96 = -7*l + 5*l. What is the remainder when l is divided by p?
14
Let a(s) = 4*s**2 + 7*s - 1. Suppose -7*f + 71 = -20. Calculate the remainder when a(-5) is divided by f.
12
Suppose 6*c + 3*f + 18 = 3*c, c - 2*f + 21 = 0. Let x(a) = -3*a - 29. What is the remainder when 17 is divided by x(c)?
1
Suppose -205*o = -216*o + 77. Calculate the remainder when 496 is divided by o.
6
Let j = 99 + -67. Suppose -5*b + 3*b = -j. What is the remainder when 78 is divided by b?
14
Let j = -989 - -1017. Let x(k) = -k**2 + 7*k - 1. Calculate the remainder when j is divided by x(3).
6
Suppose 0*y - 30 = 2*y. Let q(r) be the second derivative of -r**4/12 - 7*r**3/3 + 10*r**2 - 11*r + 2. Calculate the remainder when 14 is divided by q(y).
4
Let i = -212 + 359. What is the remainder when i is divided by 37?
36
What is the remainder when 327 is divided by (-96)/(-60)*(-15)/(-2) - 2?
7
Suppose -t = -19 + 17. Suppose -3*h + 3 = -t*h. Calculate the remainder when 18 + -3 - (-2)/(-2) is divided by h.
2
Suppose -3*i = 15 - 0, -455 = -5*a + 4*i. Suppose 0*k + 3*k - a = 0. Calculate the remainder when k is divided by 11.
7
What is the remainder when 53 is divided by (4/(-10))/((-248)/3255)*4?
11
Let n = -2222 + 2279. Calculate the remainder when n is divided by (-204)/(-10) - (-4)/(-10).
17
Let j = 14 + 2. Suppose 3*x - 16 = -x, -2*q + 3*x = -j. Suppose 8 = 2*l - 2. Calculate the remainder when q is divided by l.
4
Suppose -2*z + 32*b + 118 = 36*b, -116 = -2*z - 5*b. Calculate the remainder when 375 is divided by z.
60
Let n = -345 - -361. Suppose -4*a - r + 9 = 0, -3*r = a - 0*r + 6. Let o(j) = 3*j**3 - 3*j**2 - 4*j + 4. What is the remainder when o(a) is divided by n?
14
Suppose -3*i + 3*j - 45 = 7*j, 58 = -5*i - j. What is the remainder when (-38)/4*(i + 7) is divided by 11?
5
Suppose -3*t + 83 = -67. Let i = -2218 + 2232. Calculate the remainder when t is divided by i.
8
Let q = -44 + 43. Let l(g) = -35*g + 1. What is the remainder when l(q) is divided by 20?
16
Let f be (2*5)/(-6 - -8). Suppose -f*p + p + 24 = 0. Suppose -n = -20 - p. What is the remainder when n is divided by 14?
12
Let d(w) = -w**3 + 16*w**2 - 14*w - 12. Let h be d(15). Calculate the remainder when 5 is divided by (-13)/(-4) - h/12.
2
Suppose 0 = -192*f + 183*f + 90. Calculate the remainder when 135 is divided by f.
5
Let m be 73*1/(-1)*-1. Let d = m + -23. Calculate the remainder when d is divided by 1*-26*4/(-8).
11
Suppose -g + 4 = 0, -5*v + 15*g = 19*g - 606. Calculate the remainder when v is divided by 66.
52
Let f(i) = -i**2 - 15*i - 33. Calculate the remainder when 24 is divided by f(-12).
0
Let r be 92*(6/(-9))/((-12)/(-9)). Suppose -3*c - 68 = -4*c. Let t = r + c. Calculate the remainder when t is divided by 8.
6
Let f = 306 + -282. Suppose -q = 2*g - 5*q + 6, -4*q - 21 = g. Let n = f + g. What is the remainder when 41 is divided by n?
11
Let b(h) = 4*h**2 + 9*h - 24. What is the remainder when (-1)/((-5)/18)*(-1530)/(-36) is divided by b(3)?
36
Let y(w) = -w**3 - 33*w**2 + 25*w - 107. Calculate the remainder when y(-34) is divided by 65.
4
Suppose 50 = 3*i + s, i - 3 - 19 = 5*s. Calculate the remainder when 33 is divided by i.
16
Suppose -3*p = -2*o + 24, -3*o + p + 58 = o. Let m = 17 + -7. Suppose 220 = 4*r - 4*w, -5*r - m + 289 = -w. Calculate the remainder when r is divided by o.
11
Let g(j) = 4*j**2 + 3*j - 3. Let d(z) = -z**3 - 28*z**2 - 29*z - 40. Calculate the remainder when g(-3) is divided by d(-27).
10
Suppose 0 = -b + 2, -5*b + 16 = -0*j + 2*j. Let a be 14*(1 + j)/(-2). What is the remainder when (12 - 7)*a/(-5) is divided by 10?
8
Suppose 2329 = 4*o - 3*j, 5*o + 1187 = 4*j + 4098. What is the remainder when o is divided by 39?
37
Let l(a) = -5*a + 53. Let g be l(9). Let r = -9 - -13. Suppose r = -4*k + g*k. Calculate the remainder when 3 is divided by k.
0
Let l(q) be the third derivative of -7*q**4/12 - 5*q**3/6 + 4*q**2. What is the remainder when l(-2) is divided by 134/10 + (-2)/5?
10
Calculate the remainder when 197 is divided by (1/((-1)/3))/(6/(-50)).
22
Suppose -29 = -3*u + n, 4*n - 20 = -2*u - 3*u. Suppose -j = -9 - u. Suppose q + 2*b = -0*q + 40, b = -4. Calculate the remainder when q is divided by j.
14
Calculate the remainder when 6/(-3)*(-3 - 265/10) is divided by 6.
5
Calculate the remainder when 153 is divided by 348/16 + (-4)/(-16).
21
Suppose 5*n + 2*b = 127, -330 + 200 = -5*n - 5*b. Suppose 3*g - 16 = 23. What is the remainder when n is divided by g?
12
What is the remainder when 225 is divided by -24 + 28 + (1 - (-144)/2)?
71
Let k(t) = t**2 - 14*t - 16. Let q be k(16). Let b = 13 + q. Calculate the remainder when 200 is divided by b.
26
Let q(r) = -r + 11. Let g(y) = 6*y**2 - y - 4. Let s be g(3). Let m = s - 35. What is the remainder when q(-12) is divided by m?
11
Let l = 21 + -72. Calculate the remainder when (-1972)/l + 4/(-6) is divided by 21.
17
Let u be -2*(75/2)/5. Let d = u - -41. Calculate the remainder when 49 is divided by d.
23
Let f(r) be the third derivative of -r**5/60 + 3*r**4/8 - 13*r**3/6 + 19*r**2. Calculate the remainder when 14 is divided by f(6).
4
Suppose 6*t = -109 - 71. Let w = t - -68. Let c = w - 23. What is the remainder when 27 is divided by c?
12
Suppose l + 16 = -3*l, 98 = 3*s - 5*l. Suppose 0 = 3*o - 4*f - s, o + 0*f - 27 = 5*f. What is the remainder when -1 + o + 56*1 is divided by 15?
12
Suppose 2*m + 9*m = 44. Suppose 36 = -m*u + 5*u. Calculate the remainder when 1/(-4) + 425/4 is divided by u.
34
Let s = -452 - -482. Calculate the remainder when 89 is divided by s.
29
Let u(h) = h**3 - 2*h**2 - 3*h - 5. Let c = 39 - 35. What is the remainder when -2 + (52 - 2 - c) is divided by u(4)?
14
Let b(d) = 2*d - 5. Suppose h + i = 3, -4*h + 21 = -h - 3*i. Let v be b(h). Suppose 0 = 7*f - v*f - 186. Calculate the remainder when f is divided by 24.
21
Suppose 0*u + u - 35 = -2*v, 13 = v + 2*u. Calculate the remainder when -33*(10/4)/(39/(-26)) is divided by v.
17
Let o(u) = -u**2 - 8*u + 25. Let z be o(-9). Calculate the remainder when (-4)/(z/(-12)) - -20 is divided by 13.
10
Let g = 189 - -311. What is the remainder when g is divided by 39?
32
Suppose 35*z - 1560 = 645. Calculate the remainder when 247 is divided by z.
58
Suppose 0 = o - 2*v - 24, 3*v = -0 + 6. Let b = 5 + o. What is the remainder when b is divided by 21?
12
Let x(v) = v**3 - 3*v**2 - 3*v - 1. Let r be x(4). Let h(w) = 26*w - 2*w**2 - w**r - 5 + 24*w - 44*w. What is the remainder when h(-5) is divided by 14?
12
Suppose -5*g = -f - 456, g + 0*f - 100 = -2*f. Calculate the remainder when g is divided by 3.
2
Let l(u) = 2*u**3 - 3*u**2 - 3*u - 4. Let y be l(4). Suppose w = -p + 48, 4*w + 3*p + y = 259. Let a = -257 + 283. What is the remainder when w is divided by a?
25
Suppose -5 = -r + 2*t + t, -3*r + 3*t + 15 = 0. Suppose -r*f - 10*f + 345 = 0. What is the remainder when f is divided by (1 + -1)/2 - -12?
11
Suppose 3*n - 381 - 134 = -j, -193 = -n + 5*j. What is the remainder when n is divided by (-247)/(-7) + 4/(-14)?
33
Suppose 5*d + 36 - 6 = 0. Let i = 8 + d. Suppose -a - 5*t = 3*a - 182, 5*a = -i*t + 236. Calculate the remainder when a is divided by 17.
14
Let g = -1201 + 1227. Calculate the remainder when g is divided by 5.
1
What is the remainder when ((-72)/15)/6*-35 is divided by 1*16/4 - (0 + -11)?
13
Suppose -4*l + 22 = 2. Suppose 4*u = 6*z - 2*z + 76, -l*z = 10. Calculate the remainder when u is divided by 7.
3
Suppose -21*i + 14*i + 98 = 0. What is the remainder when 1497 is divided by i?
13
Let d(t) = 2*t**2 + 16*t - 58. What is the remainder when 69 is divided by d(-11)?
5
Let f = -537 + 771. Let y = f + -152. Let p(t) = -8*t - 3. Calculate the remainder when y is divided by p(-3).
19
Let y be 1/((-1)/66*2). Let m = -20 - y. Suppose 0 = 5*u - 3*g - 108 - 9, -3 = -3*g. What is the remainder when u is divided by m?
11
Let t = -59 + 85. Suppose -5*d - 282 = -65*s + 62*s, 0 = 2*s